nd a?
2
Suppose 10 - 370 = -5*r. Suppose -3*j + r = -0*j. Let t be 18/(-4)*(-13 + 5). Calculate the highest common factor of j and t.
12
Let k(z) = -19*z - 42. Let g be k(-6). What is the highest common factor of 16 and g?
8
Let a(x) = x - 1. Let g(r) = 4*r - 7. Let n(s) = 3*a(s) - g(s). Let y be n(5). Let z be y + 39 - (1 + 1). Calculate the highest common divisor of 9 and z.
9
Let t(i) = i**2 + i - 2. Let j be t(3). Suppose 0 = 2*x - 111 - 9. Calculate the greatest common divisor of x and j.
10
Suppose 0 = -5*d + 3 + 27. Suppose -2*k + d = -10. Suppose m + 3*o = 6*o + k, -2*m = -5*o - 18. Calculate the greatest common divisor of 21 and m.
7
Suppose -190 = -3*d - 142. Suppose 2*a + 4*x = -2, -2*x = -3*a + x - 39. Let f = a + d. What is the greatest common divisor of 14 and f?
7
Let g be (8/12)/(4/114). Suppose 4*q - q + 4*p - g = 0, q = -3*p + 13. What is the greatest common divisor of 1 and q?
1
Let j be 2 + 1 + 4/1. What is the greatest common factor of 49 and j?
7
Suppose -5*b = -3*b + 4*k - 256, -5*b + 4*k = -626. Calculate the highest common factor of 14 and b.
14
Let l be (8/(-6) + 0)/((-4)/54). What is the greatest common divisor of l and 90?
18
Let w = 43 - 31. Let a = 198 + -192. Calculate the highest common factor of w and a.
6
Let h be 6*(-2)/(8/(-50)). Suppose -4*g + 2*g = -118. Let k = -34 + g. Calculate the highest common factor of k and h.
25
Suppose 22*j - 20*j = 290. What is the greatest common factor of j and 29?
29
Let h be (-2)/(-6) - (-975)/45. What is the greatest common factor of h and 110?
22
Let g(s) = -2*s**2 - 5*s. Let k be g(-5). Let h = 35 + k. Calculate the highest common divisor of 50 and h.
10
Let o(s) = 135*s + 2. Let d be o(2). What is the highest common divisor of 34 and d?
34
Suppose 15 = -2*p + 63. Let m = p + -6. What is the greatest common factor of 90 and m?
18
Let s be (-2 + -6 + -6)*4/(-2). What is the greatest common factor of 42 and s?
14
Let c = -25 + 55. What is the highest common divisor of 45 and c?
15
Suppose -3*x + 6*x = 6. What is the greatest common factor of 14 and x?
2
Suppose 4*l + 3*c = 51, 2*c + 60 = 4*l - 6. Let b be (-8)/(-1) + (-7 - -5). Calculate the highest common factor of l and b.
3
Suppose 5*w = -r + 84, 4*w + 19 = 5*w - 2*r. Calculate the greatest common divisor of 221 and w.
17
Suppose 5*p - 43 - 57 = 0. What is the highest common divisor of p and 20?
20
Suppose -32 + 10 = -y. What is the highest common factor of y and 154?
22
Let u be (-1)/(-3) + 148/(-3). Let x = -30 - u. Calculate the greatest common factor of 57 and x.
19
Let s(p) = -p**2 - 26*p - 33. Let r be s(-24). Calculate the highest common factor of 15 and r.
15
Let y be 1077/12 - 2 - (-4)/16. What is the highest common factor of 11 and y?
11
Let h(m) = -2*m**2 + 7*m - 1 - 3 + m**2. Let b be h(3). Let t(z) = 5*z - 4. Let v be t(4). What is the greatest common divisor of v and b?
8
Suppose -3*o + 2*o + 161 = 0. Suppose 0*j = 3*q - 3*j - 141, -j = 3*q - o. What is the greatest common factor of 13 and q?
13
Suppose -n + 18 = 3. Calculate the greatest common divisor of n and 75.
15
Let l(m) = -8*m - 10. Let r be l(-9). What is the highest common factor of r and 93?
31
Let d = -155 + 267. Calculate the highest common factor of d and 14.
14
Let u = 309 + -127. Calculate the highest common factor of u and 26.
26
Let p = 23 - 6. Let u = -1 + p. Calculate the greatest common factor of u and 160.
16
Let c be (-7)/(-2)*(-60)/(-21). Suppose -2*v + 23 = 3*t, -53 = 5*t - c*t + 4*v. What is the greatest common divisor of t and 27?
9
Let z be 6/(-4)*56/(-21). What is the greatest common factor of 2 and z?
2
Let b = -90 + 129. Calculate the greatest common factor of 65 and b.
13
Suppose -4*i - w + 388 = w, -i + w = -94. What is the highest common factor of i and 6?
6
Let f be (-1)/(-2)*50/5. Let m(u) = -u**2 + 8*u - 1. Let x be m(f). What is the greatest common divisor of x and 56?
14
Let z = -39 + 53. Calculate the highest common factor of z and 2.
2
Suppose 2*z - 52 = -2*y + 40, -3*z + 2*y + 118 = 0. Calculate the highest common divisor of 252 and z.
42
Let q = 94 - 76. Calculate the highest common divisor of 45 and q.
9
Suppose 0 = -0*y - 2*y + 36. What is the highest common factor of 2 and y?
2
Let u be (-50)/(-2) + 0/2. Let y(p) = -p**2 + p. Let x be y(0). Suppose x = -5*i + i + 40. Calculate the highest common factor of i and u.
5
Suppose -3*v - 2*v + 10 = 0. Suppose -2*g = v*t - 4*g, 0 = 4*g. Suppose h - 16 + 0 = t. Calculate the highest common factor of 2 and h.
2
Let u = -99 + 10. Let v = -37 - u. Suppose -2*m + 3*f - 58 = -6*m, -3*m + 5*f = -29. Calculate the highest common factor of v and m.
13
Suppose 5*v + 1 - 16 = 0. Suppose 0 = -v*h - 79 + 1. Let b = -14 - h. Calculate the greatest common divisor of b and 36.
12
Let j = -9 - -10. What is the greatest common factor of j and 5?
1
Suppose -2*u + 5*w - 6 = -0*u, 5*w - 2 = 4*u. Let g be (-48)/(-9)*1*3. What is the highest common divisor of u and g?
2
Let g = 396 - 236. Let n(y) = -y**3 + 11*y**2 - 8*y + 12. Let h be n(10). Calculate the highest common divisor of g and h.
32
Let f be 3 + -4 + 0 + 2 + 159. What is the greatest common factor of f and 20?
20
Let c(l) = -l**2 + 25*l + 38. Let u be c(24). What is the highest common factor of u and 682?
62
Let d be 2/(-4)*7*-2. Suppose p = d - 0. Let m be p/1 - 5/(-5). Calculate the greatest common factor of 72 and m.
8
Suppose -d + 306 = 4*j, -2*j = 3*d - j - 863. What is the greatest common factor of d and 26?
26
Suppose -11*d = -7*d - 76. What is the highest common divisor of 19 and d?
19
Suppose 28 = -4*t + 24. Let q be (t/2)/(1/(-12)). Calculate the highest common divisor of q and 12.
6
Suppose 0 = 5*p - 0*p + 2*y - 95, 0 = 3*y. Calculate the highest common factor of 19 and p.
19
Let l = 2 + -5. Let y be (36/(-5))/(l/15). Let r be (-4)/(-8)*(y + -2). What is the greatest common divisor of 51 and r?
17
Let i(f) = 9*f - 5. Let o(k) = 5*k - 2. Let j(b) = 4*i(b) - 9*o(b). Let n be j(-8). Calculate the greatest common divisor of n and 7.
7
Let r(f) be the first derivative of f**4/4 + 7*f**3/3 - f**2/2 + 5*f + 10. Let z be r(-7). Calculate the highest common divisor of 12 and z.
12
Let x be 1/((-3)/(-45)*3). Suppose 0 = 4*k - x*k + 6. Let d = 6 + k. Calculate the greatest common factor of 84 and d.
12
Let s be (-16)/20*5/(-2). What is the highest common factor of 5 and s?
1
Suppose -2*i + 69 = 3*s, -5*i + 0*s = s - 205. What is the greatest common factor of i and 6?
6
Let y be ((-50)/8)/((-8)/64). Calculate the highest common factor of 10 and y.
10
Let o(w) = -26 + 29 - 4*w - 6*w - w**2. Let b be o(-5). Let q be 2/(-6) - (-422)/6. Calculate the highest common divisor of b and q.
14
Let u = -4 - -32. Let r(x) = -x**3 - 7*x**2 + 4. Let p = 2 - 9. Let c be r(p). What is the greatest common factor of u and c?
4
Suppose l - 13 - 4 = -r, 0 = 4*r + 3*l - 65. Suppose -6*t = -5*t - r. Calculate the greatest common divisor of t and 21.
7
Let k be (-1 - -4)*(-6 - -9). Let f(s) = 9*s. Let t be f(1). Calculate the highest common factor of k and t.
9
Let j(i) = -i**2 - 9*i - 6. Let c be j(-6). What is the greatest common factor of c and 12?
12
Suppose -12 - 4 = -4*a. What is the highest common factor of a and 44?
4
Let t = -2 - -4. Suppose -t*n + 452 = 2*n. Suppose 2*h - n = 41. What is the highest common divisor of h and 11?
11
Let h(u) = 3*u. Let j be h(1). Suppose 5*w - 13 - 17 = 0. Calculate the highest common factor of j and w.
3
Suppose -5*i = -3*i - 20. Let w be 64/i + (-4)/10. Calculate the greatest common factor of 12 and w.
6
Let i = 1 - -3. Suppose 0*s = -i*s + 304. Calculate the highest common divisor of s and 19.
19
Suppose 5*b - 147 + 17 = 0. What is the greatest common factor of 234 and b?
26
Let x be (3 - 2)/(1/2). Let a be (-14 - 6)/(x/(-9)). What is the greatest common divisor of 18 and a?
18
Suppose -3*x = -5*r + r + 480, -4*r = x - 480. Calculate the highest common divisor of 40 and r.
40
Let z = 7 + -5. Suppose -z*u - u + 147 = 0. Calculate the greatest common factor of u and 7.
7
Let x = -8 + 5. Let j be 4 + x - 0 - 1. Suppose j*q - 22 = -2*q. What is the greatest common divisor of q and 1?
1
Let t be 4*((-32)/(-4) + -3). Let b = 0 - 2. Let a be t/3*(-3)/b. Calculate the greatest common factor of 40 and a.
10
Suppose 